{"id":406,"date":"2016-09-27T09:51:22","date_gmt":"2016-09-27T07:51:22","guid":{"rendered":"http:\/\/fitness2.mythemecloud.io\/?page_id=406"},"modified":"2022-11-21T11:31:40","modified_gmt":"2022-11-21T10:31:40","slug":"celine-debant-2","status":"publish","type":"page","link":"https:\/\/celinedebant.fr\/index.php\/celine-debant-2\/","title":{"rendered":"Qui suis-je ?"},"content":{"rendered":"\t\t<div data-elementor-type=\"wp-page\" data-elementor-id=\"406\" class=\"elementor elementor-406\">\n\t\t\t\t\t\t\t\t\t<section class=\"elementor-section elementor-top-section elementor-element elementor-element-ybrx6zd elementor-section-content-middle elementor-section-boxed elementor-section-height-default elementor-section-height-default\" data-id=\"ybrx6zd\" data-element_type=\"section\">\n\t\t\t\t\t\t<div class=\"elementor-container elementor-column-gap-default\">\n\t\t\t\t\t<div class=\"elementor-column elementor-col-50 elementor-top-column elementor-element elementor-element-nm7wyr2\" data-id=\"nm7wyr2\" data-element_type=\"column\">\n\t\t\t<div class=\"elementor-widget-wrap elementor-element-populated\">\n\t\t\t\t\t\t\t\t<div class=\"elementor-element elementor-element-shc2be8 elementor-widget elementor-widget-image\" data-id=\"shc2be8\" data-element_type=\"widget\" data-widget_type=\"image.default\">\n\t\t\t\t<div class=\"elementor-widget-container\">\n\t\t\t\t\t\t\t\t\t\t\t\t\t\t\t<img width=\"2560\" height=\"1707\" src=\"https:\/\/celinedebant.fr\/wp-content\/uploads\/2021\/04\/Cabinet-portrait-3-scaled.jpeg\" class=\"attachment-full size-full wp-image-111\" alt=\"\" loading=\"lazy\" srcset=\"https:\/\/celinedebant.fr\/wp-content\/uploads\/2021\/04\/Cabinet-portrait-3-scaled.jpeg 2560w, https:\/\/celinedebant.fr\/wp-content\/uploads\/2021\/04\/Cabinet-portrait-3-300x200.jpeg 300w, https:\/\/celinedebant.fr\/wp-content\/uploads\/2021\/04\/Cabinet-portrait-3-1024x683.jpeg 1024w, https:\/\/celinedebant.fr\/wp-content\/uploads\/2021\/04\/Cabinet-portrait-3-768x512.jpeg 768w, https:\/\/celinedebant.fr\/wp-content\/uploads\/2021\/04\/Cabinet-portrait-3-1536x1024.jpeg 1536w, https:\/\/celinedebant.fr\/wp-content\/uploads\/2021\/04\/Cabinet-portrait-3-2048x1365.jpeg 2048w\" sizes=\"(max-width: 2560px) 100vw, 2560px\" \/>\t\t\t\t\t\t\t\t\t\t\t\t\t\t\t<\/div>\n\t\t\t\t<\/div>\n\t\t\t\t\t<\/div>\n\t\t<\/div>\n\t\t\t\t<div class=\"elementor-column elementor-col-50 elementor-top-column elementor-element elementor-element-r7gqrhq\" data-id=\"r7gqrhq\" data-element_type=\"column\">\n\t\t\t<div class=\"elementor-widget-wrap elementor-element-populated\">\n\t\t\t\t\t\t\t\t<div class=\"elementor-element elementor-element-cf38c38 elementor-widget elementor-widget-heading\" data-id=\"cf38c38\" data-element_type=\"widget\" data-widget_type=\"heading.default\">\n\t\t\t\t<div class=\"elementor-widget-container\">\n\t\t\t<h2 class=\"elementor-heading-title elementor-size-default\">Qui suis-je ?<\/h2>\t\t<\/div>\n\t\t\t\t<\/div>\n\t\t\t\t<div class=\"elementor-element elementor-element-x4fpxui elementor-invisible elementor-widget elementor-widget-text-editor\" data-id=\"x4fpxui\" data-element_type=\"widget\" data-settings=\"{&quot;_animation&quot;:&quot;fadeIn&quot;}\" data-widget_type=\"text-editor.default\">\n\t\t\t\t<div class=\"elementor-widget-container\">\n\t\t\t\t\t\t\t<p dir=\"ltr\" style=\"text-align: left;\"><b>Je suis sp\u00e9cialiste de la nutrition et micronutrition, appel\u00e9 aussi physionutrition<\/b>.<\/p><p dir=\"ltr\" style=\"text-align: left;\">La Physionutrition est une nouvelle approche pr\u00e9ventive d\u2019accompagnement des pathologies \u00e0 composante nutritionnelle.<\/p><p dir=\"ltr\" style=\"text-align: left;\">La Physionutrition apporte des solutions adapt\u00e9es pour toute la famille \u00e0 chaque p\u00e9riode de la vie, en am\u00e9liorant votre qualit\u00e9 de vie au quotidien (stress, probl\u00e8mes digestifs, difficult\u00e9 \u00e0 s\u2019endormir\u2026), en pr\u00e9servant votre capital sant\u00e9 et en accompagnant les conseils de votre m\u00e9decin.<\/p>\t\t\t\t\t\t<\/div>\n\t\t\t\t<\/div>\n\t\t\t\t\t<\/div>\n\t\t<\/div>\n\t\t\t\t\t\t\t<\/div>\n\t\t<\/section>\n\t\t\t\t<section class=\"elementor-section elementor-top-section elementor-element elementor-element-c40323d elementor-section-boxed elementor-section-height-default elementor-section-height-default\" data-id=\"c40323d\" data-element_type=\"section\">\n\t\t\t\t\t\t<div class=\"elementor-container elementor-column-gap-default\">\n\t\t\t\t\t<div class=\"elementor-column elementor-col-100 elementor-top-column elementor-element elementor-element-d4d4718\" data-id=\"d4d4718\" data-element_type=\"column\">\n\t\t\t<div class=\"elementor-widget-wrap elementor-element-populated\">\n\t\t\t\t\t\t\t\t<div class=\"elementor-element elementor-element-e60a368 elementor-widget elementor-widget-text-editor\" data-id=\"e60a368\" data-element_type=\"widget\" data-widget_type=\"text-editor.default\">\n\t\t\t\t<div class=\"elementor-widget-container\">\n\t\t\t\t\t\t\t<p style=\"font-weight: 400;\">Ma<span style=\"font-weight: 400;\"> formation initiale en analyses biologiques, biochimie et mon exp\u00e9rience en laboratoire pharmaceutique m&#8217;ont permis d&#8217;acqu\u00e9rir une bonne connaissance\u00a0<\/span><span style=\"font-family: 'Roboto Slab'; font-size: 15px; font-style: normal; font-variant-ligatures: normal; font-variant-caps: normal; font-weight: 400;\">de la pharmacologie n\u00e9cessaire \u00e0 l&#8217;interpr\u00e9tation\u00a0<\/span><span style=\"font-size: 15px; font-weight: 400;\">des bilans biologiques. J\u2019ai compl\u00e9t\u00e9 r\u00e9cemment mon parcours par un <\/span><b style=\"font-size: 15px;\">dipl\u00f4me universitaire en sant\u00e9 di\u00e9t\u00e9tique et physionutrion \u00e0 la facult\u00e9 de Grenoble.<\/b><\/p><p style=\"font-weight: 400;\"><b>Passionn\u00e9e par la <\/b><b>physionutrition<\/b><span style=\"font-weight: 400;\">, je me suis \u00e9galement form\u00e9e en naturopathie, phytoth\u00e9rapie et r\u00e9flexologie. J\u2019ai fait le choix de m\u2019installer en lib\u00e9ral pour accompagner, conseiller et proposer aux personnes une approche holistique, nutritionnelle cibl\u00e9e<\/span><b>.<\/b><\/p>\t\t\t\t\t\t<\/div>\n\t\t\t\t<\/div>\n\t\t\t\t\t<\/div>\n\t\t<\/div>\n\t\t\t\t\t\t\t<\/div>\n\t\t<\/section>\n\t\t\t\t<section class=\"elementor-section elementor-top-section elementor-element elementor-element-99780d7 elementor-section-content-middle elementor-section-boxed elementor-section-height-default elementor-section-height-default\" data-id=\"99780d7\" data-element_type=\"section\">\n\t\t\t\t\t\t<div class=\"elementor-container elementor-column-gap-default\">\n\t\t\t\t\t<div class=\"elementor-column elementor-col-50 elementor-top-column elementor-element elementor-element-fe828ee\" data-id=\"fe828ee\" data-element_type=\"column\">\n\t\t\t<div class=\"elementor-widget-wrap elementor-element-populated\">\n\t\t\t\t\t\t\t\t<div class=\"elementor-element elementor-element-282f209 elementor-absolute elementor-widget elementor-widget-image\" data-id=\"282f209\" data-element_type=\"widget\" data-settings=\"{&quot;_position&quot;:&quot;absolute&quot;}\" data-widget_type=\"image.default\">\n\t\t\t\t<div class=\"elementor-widget-container\">\n\t\t\t\t\t\t\t\t\t\t\t\t\t\t\t<img src=\"https:\/\/celinedebant.fr\/wp-content\/uploads\/2021\/04\/Cabinet-6-1-scaled.jpeg\" title=\"Cabinet 6 (1)\" alt=\"Cabinet 6 (1)\" loading=\"lazy\" \/>\t\t\t\t\t\t\t\t\t\t\t\t\t\t\t<\/div>\n\t\t\t\t<\/div>\n\t\t\t\t\t<\/div>\n\t\t<\/div>\n\t\t\t\t<div class=\"elementor-column elementor-col-50 elementor-top-column elementor-element elementor-element-28579ff\" data-id=\"28579ff\" data-element_type=\"column\">\n\t\t\t<div class=\"elementor-widget-wrap elementor-element-populated\">\n\t\t\t\t\t\t\t\t<div class=\"elementor-element elementor-element-dbb893b elementor-widget elementor-widget-heading\" data-id=\"dbb893b\" data-element_type=\"widget\" data-widget_type=\"heading.default\">\n\t\t\t\t<div class=\"elementor-widget-container\">\n\t\t\t<h2 class=\"elementor-heading-title elementor-size-default\">Mes formations <\/h2>\t\t<\/div>\n\t\t\t\t<\/div>\n\t\t\t\t<div class=\"elementor-element elementor-element-c1279ed elementor-widget elementor-widget-text-editor\" data-id=\"c1279ed\" data-element_type=\"widget\" data-widget_type=\"text-editor.default\">\n\t\t\t\t<div class=\"elementor-widget-container\">\n\t\t\t\t\t\t\t<ul>\n<li>Perfectionnement Pratique en Nutrition Micronutrition 2021-2022<br>\n(Institut scientifique pour une nutrition raisonn\u00e9e SIIN, Dr Olivier Coudron)<\/li>\n<li>Formation Nutrition Micronutrition Sant\u00e9 2017-2019<br>\n(Institut scientifique pour une nutrition raisonn\u00e9e SIIN, Dr Olivier Coudron)<\/li>\n<li style=\"margin-bottom: 20px; font-size: 15px;\"><b>Dipl\u00f4me d&#8217;Universit\u00e9 Sant\u00e9 Di\u00e9t\u00e9tique Physionutrition &#8211; Universit\u00e9 Grenoble Alpes (2019)<\/b><\/li>\n<li style=\"margin-bottom: 20px; font-size: 15px;\">Formation en Di\u00e9t\u00e9tique et Micronutrition du Sportif &#8211; Oreka Formation (2019)<\/li>\n<li style=\"margin-bottom: 20px;\">Formation en Physionutrition &#8211; IEPP (2017<i>)<\/i><\/li>\n<li style=\"margin-bottom: 20px;\">Formation de Praticien Naturopathe &#8211; IFSH (2018)<\/li>\n<li style=\"margin-bottom: 20px;\"><span style=\"font-size: 15px;\">Formation en R\u00e9flexologie pluridisciplinaire &#8211; Ecole Plantasant\u00e9 (2019) \/ IFSH (2017)<\/span><br><\/li>\n<li style=\"margin-bottom: 20px;\">Formation de Phyto-Aromath\u00e9rapie &#8211; IEPP (2017)<\/li>\n<\/ul>\t\t\t\t\t\t<\/div>\n\t\t\t\t<\/div>\n\t\t\t\t\t<\/div>\n\t\t<\/div>\n\t\t\t\t\t\t\t<\/div>\n\t\t<\/section>\n\t\t\t\t<section class=\"elementor-section elementor-top-section elementor-element elementor-element-4f5eb85 elementor-section-boxed elementor-section-height-default elementor-section-height-default\" data-id=\"4f5eb85\" data-element_type=\"section\">\n\t\t\t\t\t\t<div class=\"elementor-container elementor-column-gap-default\">\n\t\t\t\t\t<div class=\"elementor-column elementor-col-100 elementor-top-column elementor-element elementor-element-25ba1d1\" data-id=\"25ba1d1\" data-element_type=\"column\">\n\t\t\t<div class=\"elementor-widget-wrap elementor-element-populated\">\n\t\t\t\t\t\t\t\t<div class=\"elementor-element elementor-element-eb635dd elementor-widget elementor-widget-html\" data-id=\"eb635dd\" data-element_type=\"widget\" data-widget_type=\"html.default\">\n\t\t\t\t<div class=\"elementor-widget-container\">\n\t\t\t<a \nhref=\"https:\/\/www.crenolib.fr\/prendre-rdv\/20578_micronutritionniste-a-brumath\" \nstyle=\"display: block; text-align: center; background-color: #EBB159; color: #ffffff; font-size: 15px; overflow: hidden; width: 315px; height: 50px; border-bottom-right-radius: none; border-bottom-left-radius: none; position: fixed; bottom: 0; right: 5px; z-index: 1000; border-top-left-radius: 4px; border-top-right-radius: 4px; line-height: 50px;\" \ntarget=\"_blank\" class=\"crenolib\" rel=\"noopener noreferrer\">\n<span style=\"font-size: 15px;\">RDV Cabinet & Visio - Crenolib.fr<\/span>\n<\/a>\t\t<\/div>\n\t\t\t\t<\/div>\n\t\t\t\t\t<\/div>\n\t\t<\/div>\n\t\t\t\t\t\t\t<\/div>\n\t\t<\/section>\n\t\t\t\t\t\t\t<\/div>\n\t\t","protected":false},"excerpt":{"rendered":"<p>Qui suis-je ? Je suis sp\u00e9cialiste de la nutrition et micronutrition, appel\u00e9 aussi physionutrition. La Physionutrition est une nouvelle approche pr\u00e9ventive d\u2019accompagnement des pathologies \u00e0 composante nutritionnelle. La Physionutrition apporte des solutions adapt\u00e9es pour toute la famille \u00e0 chaque p\u00e9riode de la vie, en am\u00e9liorant votre qualit\u00e9 de vie au quotidien (stress, probl\u00e8mes digestifs, difficult\u00e9 [&hellip;]<\/p>\n","protected":false},"author":1,"featured_media":0,"parent":0,"menu_order":0,"comment_status":"closed","ping_status":"closed","template":"","meta":[],"yoast_head":"<!-- This site is optimized with the Yoast SEO plugin v17.9 - https:\/\/yoast.com\/wordpress\/plugins\/seo\/ -->\n<title>Qui suis-je ? - Sp\u00e9cialiste en nutrition sant\u00e9<\/title>\n<meta name=\"robots\" content=\"index, follow, max-snippet:-1, max-image-preview:large, max-video-preview:-1\" \/>\n<link rel=\"canonical\" href=\"https:\/\/celinedebant.fr\/index.php\/celine-debant-2\/\" \/>\n<meta property=\"og:locale\" content=\"en_US\" \/>\n<meta property=\"og:type\" content=\"article\" \/>\n<meta property=\"og:title\" content=\"Qui suis-je ? - Sp\u00e9cialiste en nutrition sant\u00e9\" \/>\n<meta property=\"og:description\" content=\"Qui suis-je ? Je suis sp\u00e9cialiste de la nutrition et micronutrition, appel\u00e9 aussi physionutrition. La Physionutrition est une nouvelle approche pr\u00e9ventive d\u2019accompagnement des pathologies \u00e0 composante nutritionnelle. La Physionutrition apporte des solutions adapt\u00e9es pour toute la famille \u00e0 chaque p\u00e9riode de la vie, en am\u00e9liorant votre qualit\u00e9 de vie au quotidien (stress, probl\u00e8mes digestifs, difficult\u00e9 [&hellip;]\" \/>\n<meta property=\"og:url\" content=\"https:\/\/celinedebant.fr\/index.php\/celine-debant-2\/\" \/>\n<meta property=\"og:site_name\" content=\"Sp\u00e9cialiste en nutrition sant\u00e9\" \/>\n<meta property=\"article:modified_time\" content=\"2022-11-21T10:31:40+00:00\" \/>\n<meta property=\"og:image\" content=\"https:\/\/celinedebant.fr\/wp-content\/uploads\/2021\/04\/Cabinet-portrait-3-scaled.jpeg\" \/>\n<meta name=\"twitter:card\" content=\"summary_large_image\" \/>\n<meta name=\"twitter:label1\" content=\"Est. reading time\" \/>\n\t<meta name=\"twitter:data1\" content=\"2 minutes\" \/>\n<script type=\"application\/ld+json\" class=\"yoast-schema-graph\">{\"@context\":\"https:\/\/schema.org\",\"@graph\":[{\"@type\":\"WebSite\",\"@id\":\"https:\/\/celinedebant.fr\/#website\",\"url\":\"https:\/\/celinedebant.fr\/\",\"name\":\"Sp\\u00e9cialiste en nutrition sant\\u00e9\",\"description\":\"Sp\\u00e9cialiste en nutrition sant\\u00e9\",\"potentialAction\":[{\"@type\":\"SearchAction\",\"target\":{\"@type\":\"EntryPoint\",\"urlTemplate\":\"https:\/\/celinedebant.fr\/?s={search_term_string}\"},\"query-input\":\"required name=search_term_string\"}],\"inLanguage\":\"en-US\"},{\"@type\":\"ImageObject\",\"@id\":\"https:\/\/celinedebant.fr\/index.php\/celine-debant-2\/#primaryimage\",\"inLanguage\":\"en-US\",\"url\":\"https:\/\/celinedebant.fr\/wp-content\/uploads\/2021\/04\/Cabinet-portrait-3-scaled.jpeg\",\"contentUrl\":\"https:\/\/celinedebant.fr\/wp-content\/uploads\/2021\/04\/Cabinet-portrait-3-scaled.jpeg\",\"width\":2560,\"height\":1707},{\"@type\":\"WebPage\",\"@id\":\"https:\/\/celinedebant.fr\/index.php\/celine-debant-2\/#webpage\",\"url\":\"https:\/\/celinedebant.fr\/index.php\/celine-debant-2\/\",\"name\":\"Qui suis-je ? - Sp\\u00e9cialiste en nutrition sant\\u00e9\",\"isPartOf\":{\"@id\":\"https:\/\/celinedebant.fr\/#website\"},\"primaryImageOfPage\":{\"@id\":\"https:\/\/celinedebant.fr\/index.php\/celine-debant-2\/#primaryimage\"},\"datePublished\":\"2016-09-27T07:51:22+00:00\",\"dateModified\":\"2022-11-21T10:31:40+00:00\",\"breadcrumb\":{\"@id\":\"https:\/\/celinedebant.fr\/index.php\/celine-debant-2\/#breadcrumb\"},\"inLanguage\":\"en-US\",\"potentialAction\":[{\"@type\":\"ReadAction\",\"target\":[\"https:\/\/celinedebant.fr\/index.php\/celine-debant-2\/\"]}]},{\"@type\":\"BreadcrumbList\",\"@id\":\"https:\/\/celinedebant.fr\/index.php\/celine-debant-2\/#breadcrumb\",\"itemListElement\":[{\"@type\":\"ListItem\",\"position\":1,\"name\":\"Accueil\",\"item\":\"https:\/\/celinedebant.fr\/\"},{\"@type\":\"ListItem\",\"position\":2,\"name\":\"Qui suis-je ?\"}]}]}<\/script>\n<!-- \/ Yoast SEO plugin. -->","yoast_head_json":{"title":"Qui suis-je ? - Sp\u00e9cialiste en nutrition sant\u00e9","robots":{"index":"index","follow":"follow","max-snippet":"max-snippet:-1","max-image-preview":"max-image-preview:large","max-video-preview":"max-video-preview:-1"},"canonical":"https:\/\/celinedebant.fr\/index.php\/celine-debant-2\/","og_locale":"en_US","og_type":"article","og_title":"Qui suis-je ? - Sp\u00e9cialiste en nutrition sant\u00e9","og_description":"Qui suis-je ? Je suis sp\u00e9cialiste de la nutrition et micronutrition, appel\u00e9 aussi physionutrition. La Physionutrition est une nouvelle approche pr\u00e9ventive d\u2019accompagnement des pathologies \u00e0 composante nutritionnelle. La Physionutrition apporte des solutions adapt\u00e9es pour toute la famille \u00e0 chaque p\u00e9riode de la vie, en am\u00e9liorant votre qualit\u00e9 de vie au quotidien (stress, probl\u00e8mes digestifs, difficult\u00e9 [&hellip;]","og_url":"https:\/\/celinedebant.fr\/index.php\/celine-debant-2\/","og_site_name":"Sp\u00e9cialiste en nutrition sant\u00e9","article_modified_time":"2022-11-21T10:31:40+00:00","og_image":[{"url":"https:\/\/celinedebant.fr\/wp-content\/uploads\/2021\/04\/Cabinet-portrait-3-scaled.jpeg"}],"twitter_card":"summary_large_image","twitter_misc":{"Est. reading time":"2 minutes"},"schema":{"@context":"https:\/\/schema.org","@graph":[{"@type":"WebSite","@id":"https:\/\/celinedebant.fr\/#website","url":"https:\/\/celinedebant.fr\/","name":"Sp\u00e9cialiste en nutrition sant\u00e9","description":"Sp\u00e9cialiste en nutrition sant\u00e9","potentialAction":[{"@type":"SearchAction","target":{"@type":"EntryPoint","urlTemplate":"https:\/\/celinedebant.fr\/?s={search_term_string}"},"query-input":"required name=search_term_string"}],"inLanguage":"en-US"},{"@type":"ImageObject","@id":"https:\/\/celinedebant.fr\/index.php\/celine-debant-2\/#primaryimage","inLanguage":"en-US","url":"https:\/\/celinedebant.fr\/wp-content\/uploads\/2021\/04\/Cabinet-portrait-3-scaled.jpeg","contentUrl":"https:\/\/celinedebant.fr\/wp-content\/uploads\/2021\/04\/Cabinet-portrait-3-scaled.jpeg","width":2560,"height":1707},{"@type":"WebPage","@id":"https:\/\/celinedebant.fr\/index.php\/celine-debant-2\/#webpage","url":"https:\/\/celinedebant.fr\/index.php\/celine-debant-2\/","name":"Qui suis-je ? - Sp\u00e9cialiste en nutrition sant\u00e9","isPartOf":{"@id":"https:\/\/celinedebant.fr\/#website"},"primaryImageOfPage":{"@id":"https:\/\/celinedebant.fr\/index.php\/celine-debant-2\/#primaryimage"},"datePublished":"2016-09-27T07:51:22+00:00","dateModified":"2022-11-21T10:31:40+00:00","breadcrumb":{"@id":"https:\/\/celinedebant.fr\/index.php\/celine-debant-2\/#breadcrumb"},"inLanguage":"en-US","potentialAction":[{"@type":"ReadAction","target":["https:\/\/celinedebant.fr\/index.php\/celine-debant-2\/"]}]},{"@type":"BreadcrumbList","@id":"https:\/\/celinedebant.fr\/index.php\/celine-debant-2\/#breadcrumb","itemListElement":[{"@type":"ListItem","position":1,"name":"Accueil","item":"https:\/\/celinedebant.fr\/"},{"@type":"ListItem","position":2,"name":"Qui suis-je ?"}]}]}},"_links":{"self":[{"href":"https:\/\/celinedebant.fr\/index.php\/wp-json\/wp\/v2\/pages\/406"}],"collection":[{"href":"https:\/\/celinedebant.fr\/index.php\/wp-json\/wp\/v2\/pages"}],"about":[{"href":"https:\/\/celinedebant.fr\/index.php\/wp-json\/wp\/v2\/types\/page"}],"author":[{"embeddable":true,"href":"https:\/\/celinedebant.fr\/index.php\/wp-json\/wp\/v2\/users\/1"}],"replies":[{"embeddable":true,"href":"https:\/\/celinedebant.fr\/index.php\/wp-json\/wp\/v2\/comments?post=406"}],"version-history":[{"count":56,"href":"https:\/\/celinedebant.fr\/index.php\/wp-json\/wp\/v2\/pages\/406\/revisions"}],"predecessor-version":[{"id":3283,"href":"https:\/\/celinedebant.fr\/index.php\/wp-json\/wp\/v2\/pages\/406\/revisions\/3283"}],"wp:attachment":[{"href":"https:\/\/celinedebant.fr\/index.php\/wp-json\/wp\/v2\/media?parent=406"}],"curies":[{"name":"wp","href":"https:\/\/api.w.org\/{rel}","templated":true}]}}